e 16) to base 3.
122020121211121
What is 49567 (base 10) in base 16?
c19f
Convert -110001101110010000110 (base 2) to base 7.
-16564125
What is 11c1030 (base 16) in base 6?
1503002520
-2665663 (base 7) to base 9
-586607
-dd0b (base 15) to base 9
-71182
645418 (base 9) to base 2
1011101111000001100
-3040223 (base 5) to base 13
-1966c
-140869 (base 15) to base 4
-3223102332
-110111110011110100111 (base 2) to base 14
-35866b
Convert -1731 (base 14) to base 4.
-1000333
What is 1413250 (base 6) in base 2?
10011011110111110
What is -8997 (base 16) in base 15?
-a683
Convert 2346245 (base 8) to base 14.
12a085
Convert -10211001012010 (base 3) to base 7.
-23145111
28412a (base 12) to base 15
d3a97
-405332111 (base 6) to base 13
-15a4a58
What is 2041a1 (base 14) in base 16?
1095f1
What is 1453055 (base 6) in base 8?
245673
Convert 112904 (base 10) to base 7.
650111
What is 545423 (base 8) in base 10?
183059
What is -130202200 (base 4) in base 14?
-3085a
-69dc2 (base 15) to base 3
-122010121002
Convert -17107104 (base 8) to base 5.
-2003443310
-11000100101110010101 (base 2) to base 15
-10db3b
What is -14ead0 (base 16) in base 4?
-11032223100
Convert 6595658 (base 11) to base 4.
230021221022
What is 14257664 (base 8) in base 14?
603300
44d57d (base 16) to base 11
2601291
Convert -93112b (base 14) to base 10.
-4958643
What is -623022 (base 16) in base 7?
-105460332
Convert b01799 (base 14) to base 6.
330520511
What is -212444031 (base 6) in base 7?
-44020144
-403220 (base 8) to base 16
-20690
-26af6d (base 16) to base 8
-11527555
Convert -4015912 (base 10) to base 11.
-22a323a
What is 2220200100 (base 3) in base 2?
1110000000001101
-222404431 (base 5) to base 14
-1b7b74
What is 20def0 (base 16) in base 9?
4043032
Convert -272574 (base 9) to base 12.
-80057
Convert 321252 (base 13) to base 15.
182b03
What is -31b74c (base 13) in base 3?
-2012022222212
Convert 3ba7a (base 12) to base 14.
2222a
Convert -2011312 (base 5) to base 2.
-111110101010010
-1307052 (base 8) to base 2
-1011000111000101010
What is 6250790 (base 10) in base 13?
13ab1c0
What is -81879 (base 11) in base 12?
-591b5
Convert 12333012 (base 9) to base 11.
3459675
What is 5a330 (base 12) in base 11?
8325a
Convert -1244614 (base 7) to base 9.
-266864
1076365 (base 8) to base 7
2333350
What is -3020136 (base 8) in base 4?
-3002001132
11215042 (base 6) to base 8
1240742
Convert 4112203412 (base 5) to base 13.
195382c
What is 5b963 (base 14) in base 11?
143421
3424357 (base 8) to base 12
38903b
215311413 (base 6) to base 16
3b7861
2716d5 (base 14) to base 15
1b9912
1470b1 (base 15) to base 12
3b64aa
What is 2218b (base 13) in base 2?
1111000101101000
What is -30100100200 (base 4) in base 7?
-36206236
What is -3455115 (base 7) in base 4?
-1221330210
-2211232301 (base 4) to base 10
-678833
What is -7551355 (base 9) in base 14?
-7758d9
What is -7542021 (base 8) in base 11?
-1157946
Convert -10e5b (base 16) to base 2.
-10000111001011011
What is 103013012 (base 4) in base 10?
78278
10222200000120 (base 3) to base 11
1218222
290b2 (base 13) to base 15
17c60
Convert -288132 (base 9) to base 2.
-101011000110010000
What is -121003102 (base 4) in base 11?
-70102
-13122120130 (base 4) to base 9
-3581344
2a1a04 (base 12) to base 6
23102404
Convert -2a5f3 (base 16) to base 5.
-21023210
What is -434341024 (base 6) in base 15?
-a3847a
What is 104837 (base 14) in base 3?
1000222000211
What is 18944 (base 11) in base 5?
1321201
Convert 24430033 (base 5) to base 2.
111000111010110111
-46d2a1 (base 15) to base 13
-9170b6
Convert -148866 (base 10) to base 15.
-2e196
What is 6c58bb (base 14) in base 13?
9c8871
What is -1782a14 (base 11) in base 16?
-2e149d
11000111100111101 (base 2) to base 12
4b191
-175d97 (base 14) to base 6
-25350453
What is -5828214 (base 9) in base 6?
-151253234
Convert -217267 (base 9) to base 16.
-1fbc1
What is -15537243 (base 9) in base 5?
-3441313111
What is 124455240 (base 6) in base 13?
683c07
What is 16a8180 (base 12) in base 14?
8a4d8c
-221110012122 (base 3) to base 8
-1722357
Convert -18629 (base 16) to base 8.
-303051
What is -104001422 (base 5) in base 16?
-6eaf2
Convert -769d9 (base 15) to base 4.
-1130000112
-211031310 (base 4) to base 5
-14334221
12822 (base 12) to base 6
313242
What is -1b4d23b (base 14) in base 6?
-1204130433
What is -1874503 (base 9) in base 11?
-65a21a
Convert -2543236 (base 7) to base 8.
-1204553
What is -7614265 (base 10) in base 14?
-1022c41
Convert 2022000111 (base 3) to base 5.
2421321
What is 426817 (base 12) in base 15?
15a944
Convert 3354115 (base 6) to base 12.
8293b
What is -105551325 (base 6) in base 2?
-111011110001011000101
-455aa84 (base 12) to base 7
-221065255
1136335 (base 12) to base 10
3307865
-112305 (base 6) to base 9
-14165
Convert 1234630 (base 7) to base 15.
326bd
What is 21200301 (base 4) in base 8?
114061
4d7891 (base 15) to base 3
21000001111201
Convert -10111010101010010 (base 2) to base 9.
-155078
What is 6261bb (base 12) in base 3?
2220111111122
Convert 13100020023 (base 4) to base 14.
376b47
Convert -2122002012 (base 3) to base 8.
-145152
What is 14025053 (base 6) in base 14?
c3545
3574b8 (base 13) to base 16
136c3a
Convert 128804 (base 11) to base 7.
1500533
Convert -22062516 (base 8) to base 16.
-48654e
Convert -96737 (base 12) to base 4.
-300112123
8835b9 (base 16) to base 8
42032671
What is -72353 (base 8) in base 7?
-153156
Convert 227329 (base 10) to base 8.
674001
26666353 (base 8) to base 10
5991659
1a4d1 (base 14) to base 5
4114243
Convert -4404530 (base 6) to base 10.
-218790
10411314 (base 5) to base 15
1c174
22131212 (base 4) to base 9
64705
Convert 22be02 (base 15) to base 11.
a34433
-130026665 (base 7) to base 9
-16452678
Convert b4b4d2 (base 14) to base 7.
102566552
Convert -110060 (base 14) to base 16.
-8cb44
-3840017 (base 10) to base 12
-1352295
Convert -53120422 (base 6) to base 10.
-1550174
What is -4115314 (base 7) in base 2?
-1111000000010011101
Convert 629ab (base 14) to base 8.
720513
What is -110001111011111001 (base 2) in base 6?
-4214533
Convert 312122202 (base 4) to base 2.
110110011010100010
5759b (base 12) to base 10
116615
Convert 60a26 (base 13) to base 14.
47116
What is -1033035440 (base 6) in base 2?
-101010001100110101010000
Convert 103646 (base 11) to base 9.
272414
-28175 (base 11) to base 8
-116305
What is 3036644 (base 9) in base 10?
1618906
2a5a07 (base 11) to base 12
1ab828
What is -7e568d (base 16) in base 2?
-11111100101011010001101
32bebd (base 15) to base 12
988444
Convert -15606534 (base 8) to base 4.
-31300311130
What is -22410240 (base 5) in base 4?
-300333313
What is 1332020 (base 5) in base 11?
19429
-112300033122 (base 4) to base 12
-1bb79b6
What is -6415510 (base 7) in base 4?
-2331310102
What is -11010240 (base 8) in base 10?
-2363552
Convert 113211212 (base 5) to base 2.
1111111100110111010
-5450 (base 14) to base 3
-201222210
Convert c4888b (base 13) to base 6.
242204243
What is 6268344 (base 9) in base 2?
1100110010011010100001
Convert 26474475 (base 8) to base 13.
12c7a63
What is 8b1ca9 (base 13) in base 3?
20012002111100
Convert 2352154 (base 8) to base 15.
cad1e
Convert 24972 (base 16) to base 8.
444562
Convert 5b7a50 (base 12) to base 8.
5526034
Convert 451753 (base 10) to base 5.
103424003
Convert -3478 (base 11) to base 7.
-16205
What is -100100100111010001011 (base 2) in base 6?
-41414231
-95478 (base 12) to base 13
-6b249
Convert -9c79c1 (base 13) to base 7.
-43314221
-127fe (base 16) to base 13
-2864a
-11100001010101010001011 (base 2) to base 14
-da2bc7
Convert -18288840 (base 9) to base 15.
-c1e569
Convert -2124937 (base 13) to base 16.
-99ff64
Convert 112221122202010 (base 3) to base 6.
442143133
-139069 (base 11) to base 14
-59140
2000a22 (base 11) to base 3
20200001221110
-1450432 (base 7) to base 9
-330331
What is -3617420 (base 9) in base 14?
-390727
Convert -20010220012010 (base 3) to base 8.
-14351461
Convert 1100011121012 (base 3) to base 9.
1304535
What is 10303551 (base 10) in base 2?
100111010011100000111111
Convert -30452 (base 11) to base 3.
-2020222211
Convert -1102122 (base 3) to base 15.
-498
10010001101011 (base 2) to base 8
22153
-41303120 (base 5) to base 3
-122011112012
Convert -4145331 (base 7) to base 13.
-146103
393a18 (base 11) to base 8
22